units digit of 259474?
4
What is the tens digit of 80664?
6
What is the thousands digit of 16457066?
7
What is the ten thousands digit of 1270750?
7
What is the thousands digit of 19309?
9
What is the thousands digit of 121877?
1
What is the hundreds digit of 203575?
5
What is the ten thousands digit of 239040?
3
What is the units digit of 3489268?
8
What is the ten thousands digit of 1392112?
9
What is the tens digit of 64362?
6
What is the millions digit of 5326327?
5
What is the ten thousands digit of 194635?
9
What is the hundred thousands digit of 7838290?
8
What is the units digit of 7958?
8
What is the hundred thousands digit of 331668?
3
What is the hundreds digit of 12576448?
4
What is the tens digit of 1458145?
4
What is the millions digit of 24077564?
4
What is the hundred thousands digit of 1621867?
6
What is the units digit of 482704?
4
What is the tens digit of 196038?
3
What is the ten thousands digit of 1693425?
9
What is the ten thousands digit of 705449?
0
What is the ten thousands digit of 441719?
4
What is the units digit of 18417854?
4
What is the ten thousands digit of 16702256?
0
What is the units digit of 33393?
3
What is the units digit of 191504?
4
What is the hundred thousands digit of 280367?
2
What is the tens digit of 458876?
7
What is the millions digit of 2249575?
2
What is the units digit of 787915?
5
What is the thousands digit of 2542434?
2
What is the thousands digit of 9689302?
9
What is the tens digit of 345760?
6
What is the ten thousands digit of 6068987?
6
What is the units digit of 811014?
4
What is the thousands digit of 110370?
0
What is the millions digit of 19343171?
9
What is the hundreds digit of 47545?
5
What is the tens digit of 796030?
3
What is the hundreds digit of 22305?
3
What is the hundred thousands digit of 2103621?
1
What is the units digit of 117534?
4
What is the hundreds digit of 13023522?
5
What is the hundreds digit of 910839?
8
What is the hundreds digit of 5710401?
4
What is the units digit of 72951?
1
What is the units digit of 5684711?
1
What is the tens digit of 3099126?
2
What is the tens digit of 4618587?
8
What is the hundreds digit of 78653?
6
What is the hundreds digit of 15921366?
3
What is the hundred thousands digit of 1683278?
6
What is the millions digit of 9315837?
9
What is the millions digit of 14208508?
4
What is the thousands digit of 1826630?
6
What is the thousands digit of 6561664?
1
What is the hundred thousands digit of 8820593?
8
What is the hundreds digit of 4408564?
5
What is the ten thousands digit of 880293?
8
What is the hundreds digit of 54621?
6
What is the units digit of 66241?
1
What is the hundreds digit of 2452645?
6
What is the tens digit of 24683?
8
What is the ten thousands digit of 11830734?
3
What is the thousands digit of 2542147?
2
What is the ten thousands digit of 749598?
4
What is the hundred thousands digit of 16833937?
8
What is the hundred thousands digit of 259774?
2
What is the thousands digit of 2205662?
5
What is the tens digit of 601245?
4
What is the hundred thousands digit of 1568624?
5
What is the units digit of 2578752?
2
What is the hundreds digit of 12558580?
5
What is the tens digit of 19763049?
4
What is the hundred thousands digit of 2710995?
7
What is the hundreds digit of 2602483?
4
What is the ten thousands digit of 415615?
1
What is the ten thousands digit of 154972?
5
What is the ten thousands digit of 2816155?
1
What is the tens digit of 12297387?
8
What is the units digit of 3251217?
7
What is the hundred thousands digit of 2109200?
1
What is the hundreds digit of 721854?
8
What is the hundred thousands digit of 697205?
6
What is the hundreds digit of 813640?
6
What is the units digit of 29065272?
2
What is the hundreds digit of 154583?
5
What is the ten millions digit of 24000472?
2
What is the thousands digit of 396010?
6
What is the hundreds digit of 1730626?
6
What is the units digit of 1856081?
1
What is the hundreds digit of 410515?
5
What is the thousands digit of 184461?
4
What is the hundred thousands digit of 2253433?
2
What is the ten thousands digit of 2505166?
0
What is the ten thousands digit of 2689229?
8
What is the hundreds digit of 5018508?
5
What is the tens digit of 210528?
2
What is the hundred thousands digit of 9186824?
1
What is the tens digit of 4596964?
6
What is the thousands digit of 4410197?
0
What is the hundreds digit of 2204472?
4
What is the millions digit of 7994357?
7
What is the units digit of 101756?
6
What is the units digit of 3216255?
5
What is the tens digit of 3983293?
9
What is the units digit of 21572261?
1
What is the thousands digit of 5604644?
4
What is the hundreds digit of 149252?
2
What is the hundreds digit of 505943?
9
What is the hundred thousands digit of 864069?
8
What is the tens digit of 47515?
1
What is the ten thousands digit of 89480?
8
What is the hundred thousands digit of 2389248?
3
What is the tens digit of 271623?
2
What is the units digit of 754259?
9
What is the hundred thousands digit of 272659?
2
What is the thousands digit of 227288?
7
What is the units digit of 20875773?
3
What is the hundred thousands digit of 156872?
1
What is the ten millions digit of 22245072?
2
What is the hundreds digit of 808016?
0
What is the hundred thousands digit of 483250?
4
What is the ten millions digit of 38557008?
3
What is the tens digit of 651001?
0
What is the units digit of 155371?
1
What is the hundreds digit of 65605?
6
What is the ten thousands digit of 228742?
2
What is the hundred thousands digit of 152739?
1
What is the thousands digit of 3071009?
1
What is the ten thousands digit of 14069305?
6
What is the ten thousands digit of 157394?
5
What is the hundreds digit of 466610?
6
What is the tens digit of 34190886?
8
What is the hundreds digit of 417489?
4
What is the hundreds digit of 29565562?
5
What is the ten thousands digit of 1708113?
0
What is the hundreds digit of 12476683?
6
What is the ten thousands digit of 329442?
2
What is the units digit of 21120908?
8
What is the hundreds digit of 219223?
2
What is the ten thousands digit of 5789877?
8
What is the millions digit of 2976067?
2
What is the millions digit of 14447493?
4
What is the units digit of 21808974?
4
What is the units digit of 504995?
5
What is the thousands digit of 76477?
6
What is the hundred thousands digit of 33546732?
5
What is the ten millions digit of 30866510?
3
What is the units digit of 24403122?
2
What is the tens digit of 1865376?
7
What is the millions digit of 23448651?
3
What is the hundred thousands digit of 480979?
4
What is the thousands digit of 654863?
4
What is the ten thousands digit of 5990901?
9
What is the thousands digit of 59326?
9
What is the hundred thousands digit of 145187?
1
What is the tens digit of 3891957?
5
What is the millions digit of 1093461?
1
What is the hundreds digit of 13918478?
4
What is the units digit of 1660736?
6
What is the hundred thousands digit of 1562278?
5
What is the hundreds digit of 491747?
7
What is the hundreds digit of 11910977?
9
What is the hundreds digit of 1950723?
7
What is the hundred thousands digit of 356475?
3
What is the thousands digit of 251332?
1
What is the tens digit of 19355819?
1
What is the ten thousands digit of 450363?
5
What is the thousands digit of 3291?
3
What is the hundred thousands digit of 212787?
2
What is the hundreds digit of 1270487?
4
What is the tens digit of 172737?
3
What is the hundreds digit of 335368?
3
What is the ten thousands digit of 47370?
4
What is the thousands digit of 851921?
1
What is the units digit of 3049224?
4
What is the millions digit of 2186817?
2
What is the ten thousands digit of 2244510?
4
What is the millions digit of 27631395?
7
What is the hundreds digit of 1232101?
1
What is the units digit of 94344?
4
What is the thousands digit of 88285?
8
What is the ten thousands digit of 89389?
8
What is the units digit of 12260073?
3
What is the millions digit of 4719755?
4
What is the millions digit of 2341698?
2
What is the thousands digit of 905214?
5
What is the hundred thousands digit of 26337018?
3
What is the thousands digit of 12454298?
4
What is the units digit of 203649?
9
What is the ten thousands digit of 4856598?
5
What is the hundreds digit of 266486